n divisor of 12 and 228?
12
What is the greatest common divisor of 57300 and 50?
50
What is the highest common divisor of 118 and 13334?
118
Calculate the highest common divisor of 644 and 196.
28
Calculate the greatest common divisor of 62 and 218.
2
Calculate the greatest common divisor of 26 and 4.
2
Calculate the greatest common factor of 323 and 475.
19
What is the greatest common divisor of 11 and 3839?
11
Calculate the highest common factor of 1501 and 19.
19
What is the highest common factor of 82 and 196?
2
What is the greatest common factor of 650 and 150?
50
What is the highest common divisor of 90 and 162?
18
Calculate the greatest common factor of 147 and 3.
3
Calculate the highest common factor of 44 and 484.
44
What is the greatest common factor of 10 and 1210?
10
What is the highest common factor of 93 and 6?
3
Calculate the greatest common factor of 9 and 2403.
9
Calculate the highest common factor of 91 and 301.
7
What is the greatest common divisor of 87 and 52113?
87
What is the greatest common divisor of 14271 and 402?
201
What is the greatest common factor of 374 and 209?
11
What is the greatest common divisor of 33 and 6?
3
Calculate the highest common divisor of 45 and 27.
9
Calculate the highest common divisor of 22 and 143.
11
Calculate the greatest common divisor of 112 and 364.
28
Calculate the greatest common divisor of 2065 and 70.
35
What is the highest common factor of 2061 and 36?
9
Calculate the highest common factor of 167 and 10688.
167
What is the highest common factor of 286 and 104?
26
What is the greatest common divisor of 954 and 3074?
106
Calculate the highest common factor of 320 and 475.
5
Calculate the highest common divisor of 11 and 88.
11
What is the greatest common divisor of 91 and 14?
7
What is the greatest common factor of 128 and 12?
4
What is the highest common factor of 218 and 7303?
109
What is the greatest common factor of 26 and 559?
13
What is the greatest common divisor of 1012 and 88?
44
Calculate the highest common factor of 339 and 3.
3
What is the highest common factor of 5663 and 63?
7
Calculate the highest common factor of 48 and 496.
16
What is the highest common divisor of 1050 and 10?
10
What is the highest common divisor of 339 and 3?
3
What is the greatest common divisor of 16 and 116?
4
Calculate the highest common divisor of 5796 and 504.
252
Calculate the highest common factor of 2424 and 36.
12
What is the greatest common divisor of 81 and 387?
9
What is the highest common divisor of 100 and 25?
25
What is the greatest common factor of 152 and 8?
8
Calculate the greatest common divisor of 156 and 876.
12
Calculate the greatest common factor of 793 and 305.
61
Calculate the greatest common factor of 6146 and 98.
14
Calculate the greatest common factor of 63 and 525.
21
What is the highest common divisor of 6 and 96?
6
What is the highest common factor of 83 and 913?
83
What is the greatest common factor of 20 and 60380?
20
What is the highest common divisor of 85 and 68?
17
What is the highest common factor of 81 and 6?
3
What is the highest common divisor of 4416 and 128?
64
Calculate the greatest common divisor of 2416 and 64.
16
Calculate the highest common factor of 25 and 2400.
25
What is the highest common divisor of 390 and 156?
78
What is the greatest common divisor of 186 and 62?
62
What is the greatest common divisor of 252 and 180?
36
Calculate the highest common divisor of 341 and 248.
31
What is the greatest common divisor of 1128 and 96?
24
Calculate the highest common divisor of 3 and 27.
3
What is the greatest common divisor of 9932 and 1337?
191
Calculate the greatest common factor of 18 and 369.
9
Calculate the greatest common divisor of 13527 and 81.
81
Calculate the greatest common divisor of 459 and 17.
17
What is the highest common divisor of 5111 and 114?
19
Calculate the greatest common divisor of 32 and 312.
8
Calculate the highest common divisor of 55 and 649.
11
What is the highest common divisor of 8 and 2008?
8
What is the highest common divisor of 30 and 390?
30
What is the highest common divisor of 660 and 88?
44
Calculate the highest common divisor of 1606 and 22.
22
Calculate the highest common divisor of 2338 and 14.
14
What is the highest common divisor of 168 and 576?
24
Calculate the highest common divisor of 805 and 460.
115
What is the highest common divisor of 6270 and 24?
6
Calculate the highest common factor of 374 and 4.
2
What is the highest common factor of 275 and 175?
25
What is the greatest common divisor of 296 and 7622?
74
Calculate the highest common factor of 4883 and 95.
19
Calculate the greatest common divisor of 5 and 4.
1
What is the greatest common divisor of 270 and 60?
30
What is the highest common factor of 95725 and 175?
175
What is the greatest common divisor of 125 and 45?
5
Calculate the greatest common factor of 231 and 363.
33
What is the highest common divisor of 5 and 450?
5
Calculate the greatest common divisor of 12 and 1956.
12
What is the greatest common factor of 448 and 952?
56
Calculate the greatest common divisor of 1020 and 1140.
60
Calculate the greatest common divisor of 931 and 114.
19
Calculate the highest common factor of 184 and 69.
23
Calculate the greatest common factor of 357 and 840.
21
Calculate the highest common divisor of 175 and 35.
35
Calculate the highest common divisor of 99 and 267.
3
What is the greatest common divisor of 12639 and 33?
33
Calculate the greatest common divisor of 40 and 5290.
10
Calculate the highest common factor of 87 and 638.
29
Calculate the highest common factor of 115 and 414.
23
Calculate the greatest common divisor of 91 and 35.
7
What is the greatest common factor of 20 and 1070?
10
Calculate the highest common factor of 407 and 11.
11
What is the highest common divisor of 232 and 493?
29
What is the highest common factor of 4044 and 72?
12
What is the greatest common factor of 121636 and 94?
94
Calculate the highest common factor of 226 and 10848.
226
Calculate the highest common divisor of 38 and 2.
2
Calculate the greatest common factor of 36 and 24.
12
What is the greatest common factor of 200 and 16?
8
What is the greatest common factor of 315 and 245?
35
Calculate the greatest common divisor of 5 and 355.
5
Calculate the greatest common factor of 79 and 8.
1
What is the highest common factor of 1411 and 17?
17
What is the highest common divisor of 56 and 217?
7
What is the greatest common factor of 26 and 273?
13
What is the greatest common factor of 287 and 205?
41
Calculate the greatest common divisor of 848 and 1007.
53
Calculate the highest common factor of 12072 and 24.
24
What is the greatest common divisor of 5 and 3690?
5
What is the highest common factor of 140 and 155?
5
Calculate the highest common factor of 164 and 6191.
41
Calculate the highest common divisor of 24 and 948.
12
What is the highest common factor of 14 and 11487?
7
What is the highest common divisor of 48 and 976?
16
Calculate the greatest common divisor of 60 and 500.
20
Calculate the highest common divisor of 144 and 15192.
72
Calculate the greatest common divisor of 17 and 1241.
17
What is the greatest common divisor of 143 and 88?
11
What is the highest common factor of 83 and 12450?
83
Calculate the highest common factor of 40 and 120.
40
What is the highest common factor of 8864 and 1939?
277
What is the highest common divisor of 297 and 825?
33
Calculate the highest common divisor of 286 and 338.
26
What is the greatest common factor of 286 and 44?
22
What is the greatest common divisor of 28 and 932?
4
What is the greatest common divisor of 82 and 5?
1
Calculate the greatest common factor of 6200 and 1000.
200
What is the highest common divisor of 40817 and 7?
7
What is the highest common factor of 13 and 2171?
13
What is the greatest common divisor of 5175 and 230?
115
What is the greatest common factor of 656 and 128?
16
Calculate the highest common factor of 57 and 21299.
19
Calculate the greatest common divisor of 22 and 22.
22
Calculate the highest common divisor of 105 and 135.
15
What is the highest common factor of 88 and 88?
88
What is the highest common divisor of 5 and 205?
5
What is the greatest common factor of 2167 and 11?
11
What is the grea